{"id":387,"date":"2020-04-02T18:59:03","date_gmt":"2020-04-02T21:59:03","guid":{"rendered":"https:\/\/elisabethvargas.com.br\/?page_id=387"},"modified":"2020-05-25T10:58:35","modified_gmt":"2020-05-25T13:58:35","slug":"387-2","status":"publish","type":"page","link":"https:\/\/elisabethvargas.com.br\/?page_id=387","title":{"rendered":"CONSULTORIA ORGANIZACIONAL"},"content":{"rendered":"\n<figure class=\"wp-block-image size-full\"><img loading=\"lazy\" decoding=\"async\" width=\"1500\" height=\"300\" src=\"https:\/\/elisabethvargas.com.br\/wp-content\/uploads\/2020\/04\/Untitled-3-Recovered.jpg\" alt=\"\" class=\"wp-image-765\" srcset=\"https:\/\/elisabethvargas.com.br\/wp-content\/uploads\/2020\/04\/Untitled-3-Recovered.jpg 1500w, https:\/\/elisabethvargas.com.br\/wp-content\/uploads\/2020\/04\/Untitled-3-Recovered-300x60.jpg 300w, https:\/\/elisabethvargas.com.br\/wp-content\/uploads\/2020\/04\/Untitled-3-Recovered-1024x205.jpg 1024w, https:\/\/elisabethvargas.com.br\/wp-content\/uploads\/2020\/04\/Untitled-3-Recovered-768x154.jpg 768w\" sizes=\"auto, (max-width: 1500px) 100vw, 1500px\" \/><\/figure>\n\n\n<h4>\u00a0<\/h4>\n<h4><b>O QUE \u00c9 GEST\u00c3O DO CONHECIMENTO?<\/b><\/h4>\n<p>\u00a0<\/p>\n<p style=\"text-align: justify;\">Muitos especialistas em administra\u00e7\u00e3o de empresa, estudiosos de diversas \u00e1reas, t\u00eam conceituado o tema \u201cGest\u00e3o do Conhecimento\u201d de diversas maneiras. Cada defini\u00e7\u00e3o publicada traz uma compreens\u00e3o do assunto de forma rasa e sucinta. A gest\u00e3o do conhecimento, na verdade, parece n\u00e3o ter uma conceitua\u00e7\u00e3o cartesianamente definida, ela pode ser considerada como um conjunto de conceitos, recursos e mecanismos que, juntos, tornam as empresas mais saud\u00e1veis, prazerosas, inovadoras e competitivas.<img loading=\"lazy\" decoding=\"async\" class=\" wp-image-391 alignleft\" src=\"https:\/\/elisabethvargas.com.br\/wp-content\/uploads\/2020\/04\/gestaoimg.png\" alt=\"\" width=\"232\" height=\"184\" \/><\/p>\n<p style=\"text-align: justify;\">Se considerarmos gest\u00e3o do conhecimento como efeito resultante de uma variedade de causas, poderemos ter uma visualiza\u00e7\u00e3o mais ampla das quest\u00f5es que envolvem a inova\u00e7\u00e3o organizacional que est\u00e1 revolucionando a administra\u00e7\u00e3o das empresas.<\/p>\n<p>\u00a0<\/p>\n<p><img loading=\"lazy\" decoding=\"async\" class=\"aligncenter wp-image-1017 size-large\" src=\"https:\/\/elisabethvargas.com.br\/wp-content\/uploads\/2020\/05\/img1-1024x530.png\" alt=\"\" width=\"780\" height=\"404\" srcset=\"https:\/\/elisabethvargas.com.br\/wp-content\/uploads\/2020\/05\/img1-1024x530.png 1024w, https:\/\/elisabethvargas.com.br\/wp-content\/uploads\/2020\/05\/img1-300x155.png 300w, https:\/\/elisabethvargas.com.br\/wp-content\/uploads\/2020\/05\/img1-768x397.png 768w, https:\/\/elisabethvargas.com.br\/wp-content\/uploads\/2020\/05\/img1.png 1370w\" sizes=\"auto, (max-width: 780px) 100vw, 780px\" \/><\/p>\n<p>\u00a0<\/p>\n<p style=\"text-align: justify;\">Assim como cada Ser Humano tem o seu composto org\u00e2nico, denominado DNA, cujas mol\u00e9culas possuem as instru\u00e7\u00f5es gen\u00e9ticas para coordenar o desenvolvimento e funcionamento do indiv\u00edduo, o mesmo ocorre com as empresas.\u00a0 Cada uma tem o seu pr\u00f3prio DNA e possui o seu pr\u00f3prio reposit\u00f3rio de conhecimentos t\u00e1citos (conhecimentos que encontram-se nos indiv\u00edduos \u2013 intelig\u00eancia e for\u00e7a de trabalho) e conhecimentos expl\u00edcitos (conhecimentos embutidos nos seus produtos, nos seus processos, seus maquin\u00e1rios, softwares e bases de dados etc).<\/p>\n<p>\u00a0No Ser Humano, para que haja a homeostase ou um equil\u00edbrio funcional, faz-se necess\u00e1rio a estabilidade da qual o organismo necessita para realizar suas fun\u00e7\u00f5es. Na natureza org\u00e2nica de uma empresa, esta homeostase est\u00e1 condicionada ao funcionamento interno em conson\u00e2ncia com as exig\u00eancias do ambiente externo.<\/p>\n<p style=\"text-align: justify;\">A circula\u00e7\u00e3o do sangue no corpo humano \u00e9 realizada por meio do bombeamento do cora\u00e7\u00e3o que o envia para as art\u00e9rias. Metaforicamente, na empresa, podemos considerar que o sangue seja o conhecimento e a sua circula\u00e7\u00e3o se d\u00e1 impulsionada pela constante convers\u00e3o dos conhecimentos t\u00e1citos para os expl\u00edcitos ou dos expl\u00edcitos para os t\u00e1citos.<\/p>\n<p style=\"text-align: justify;\">Se considerarmos que o sangue est\u00e1 para o corpo humano, assim como o conhecimento est\u00e1 para uma empresa, podemos concluir ent\u00e3o que a decis\u00e3o de gerir conhecimento numa empresa n\u00e3o \u00e9 opcional, \u00e9 uma condi\u00e7\u00e3o necess\u00e1ria para sua exist\u00eancia. Diante desta conclus\u00e3o, assim como o sangue necessita de nutrientes, prote\u00ednas para causar um bom funcionamento do c\u00e9rebro e do corpo, assim tamb\u00e9m acontece com as empresas, com rela\u00e7\u00e3o ao conhecimento do neg\u00f3cio, faz-se necess\u00e1rio que o conhecimento esteja organizado, tratado, disponibilizado e, acima de tudo, utilizado para gerar um \u00f3timo funcionamento da empresa.<\/p>\n<p>\u00a0<\/p>\n<h4><strong data-rich-text-format-boundary=\"true\">CONSULTORIA EM GEST\u00c3O DO CONHECIMENTO<\/strong><\/h4>\n<p><strong data-rich-text-format-boundary=\"true\">IMPLANTA\u00c7\u00c3O DE PR\u00c1TICAS DE GEST\u00c3O DO CONHECIMENTO<\/strong><\/p>\n<p><img loading=\"lazy\" decoding=\"async\" class=\"aligncenter wp-image-772 size-full\" src=\"https:\/\/elisabethvargas.com.br\/wp-content\/uploads\/2020\/04\/9-1.jpg\" alt=\"\" width=\"689\" height=\"153\" srcset=\"https:\/\/elisabethvargas.com.br\/wp-content\/uploads\/2020\/04\/9-1.jpg 689w, https:\/\/elisabethvargas.com.br\/wp-content\/uploads\/2020\/04\/9-1-300x67.jpg 300w\" sizes=\"auto, (max-width: 689px) 100vw, 689px\" \/><\/p>\n<p><strong data-rich-text-format-boundary=\"true\">Diagn\u00f3stico da Organiza\u00e7\u00e3o<\/strong><\/p>\n<p style=\"text-align: justify;\">O levantamento e o diagn\u00f3stico da empresa \u00e9 realizado por meio de uma metodologia criada especialmente para identificar quais as condi\u00e7\u00f5es capacitadoras a empresa j\u00e1 possui e quais ela necessita investir maior dedica\u00e7\u00e3o na busca de um ambiente criativo e inovador. Esta metodologia foi criada como base no referencial te\u00f3rico dos autores Ikujiro Nonaka e Hirotaka Takeuchi. Para conhecer melhor esta metodologia e saber como se d\u00e1 a sua aplica\u00e7\u00e3o, sugiro a leitura do artigo intitulado\u00a0\u201cO Indiv\u00edduo e o Ambiente Organizacional Favor\u00e1vel \u00e0 Cria\u00e7\u00e3o de Novos Conhecimentos\u201d.<\/p>\n<p><img loading=\"lazy\" decoding=\"async\" class=\"aligncenter wp-image-776 size-large\" src=\"https:\/\/elisabethvargas.com.br\/wp-content\/uploads\/2020\/04\/10-1-1024x561.png\" alt=\"\" width=\"780\" height=\"427\" srcset=\"https:\/\/elisabethvargas.com.br\/wp-content\/uploads\/2020\/04\/10-1-1024x561.png 1024w, https:\/\/elisabethvargas.com.br\/wp-content\/uploads\/2020\/04\/10-1-300x164.png 300w, https:\/\/elisabethvargas.com.br\/wp-content\/uploads\/2020\/04\/10-1-768x421.png 768w, https:\/\/elisabethvargas.com.br\/wp-content\/uploads\/2020\/04\/10-1.png 1097w\" sizes=\"auto, (max-width: 780px) 100vw, 780px\" \/><\/p>\n<h4>\u00a0<\/h4>\n<h4>\u00a0<\/h4>\n<h4 style=\"text-align: center;\">PALESTRAS E WORKSHOPS<\/h4>\n<p>\u00a0<\/p>\n<p><img loading=\"lazy\" decoding=\"async\" class=\"wp-image-1081 size-full aligncenter\" src=\"https:\/\/elisabethvargas.com.br\/wp-content\/uploads\/2020\/05\/img4.jpg\" alt=\"\" width=\"814\" height=\"346\" srcset=\"https:\/\/elisabethvargas.com.br\/wp-content\/uploads\/2020\/05\/img4.jpg 814w, https:\/\/elisabethvargas.com.br\/wp-content\/uploads\/2020\/05\/img4-300x128.jpg 300w, https:\/\/elisabethvargas.com.br\/wp-content\/uploads\/2020\/05\/img4-768x326.jpg 768w\" sizes=\"auto, (max-width: 814px) 100vw, 814px\" \/><\/p>\n<h4><b>GEST\u00c3O DO CONHECIMENTO NAS EMPRESAS \u2013 Palestras e Workshops<\/b><\/h4>\n<p><b>Temas:<\/b><\/p>\n<ul>\n<li>Ambiente Favor\u00e1vel \u00e0 Cria\u00e7\u00e3o de Novos Conhecimentos \u2013 INOVA\u00c7\u00c3O.<\/li>\n<li>Implanta\u00e7\u00e3o de Mecanismos de Gest\u00e3o do Conhecimento \u2013 EMPRESA QUE APRENDE.<\/li>\n<li>Compet\u00eancias individuais por meio dos processos estrat\u00e9gicos \u2013 GEST\u00c3O DE COMPET\u00caNCIAS<b>.<\/b><\/li>\n<\/ul>\n<p>\u00a0<\/p>\n<h4><b>GEST\u00c3O DA SA\u00daDE MENTAL NAS ORGANIZA\u00c7\u00d5ES \u2013 Palestras e Workshops<\/b><\/h4>\n<p><b>\u201cTemas\u201d<\/b><\/p>\n<ul>\n<li>Transtornos Mentais e o Impacto com as Novas Tecnologias de Informa\u00e7\u00e3o.<\/li>\n<li>Entendendo a Ansiedade no Mundo Corporativo.<\/li>\n<li>\u00c9tica, Emo\u00e7\u00e3o e a Empatia versus a Inova\u00e7\u00e3o Organizacional.<\/li>\n<li>S\u00edndrome de Burnout e o Esgotamento Profissional.<\/li>\n<\/ul>","protected":false},"excerpt":{"rendered":"<p>\u00a0 O QUE \u00c9 GEST\u00c3O DO CONHECIMENTO? \u00a0 Muitos especialistas em administra\u00e7\u00e3o de empresa, estudiosos de diversas \u00e1reas, t\u00eam conceituado [&hellip;]<\/p>\n","protected":false},"author":1,"featured_media":0,"parent":0,"menu_order":0,"comment_status":"closed","ping_status":"closed","template":"page-templates\/full-width.php","meta":{"footnotes":""},"class_list":["post-387","page","type-page","status-publish","hentry"],"_links":{"self":[{"href":"https:\/\/elisabethvargas.com.br\/index.php?rest_route=\/wp\/v2\/pages\/387","targetHints":{"allow":["GET"]}}],"collection":[{"href":"https:\/\/elisabethvargas.com.br\/index.php?rest_route=\/wp\/v2\/pages"}],"about":[{"href":"https:\/\/elisabethvargas.com.br\/index.php?rest_route=\/wp\/v2\/types\/page"}],"author":[{"embeddable":true,"href":"https:\/\/elisabethvargas.com.br\/index.php?rest_route=\/wp\/v2\/users\/1"}],"replies":[{"embeddable":true,"href":"https:\/\/elisabethvargas.com.br\/index.php?rest_route=%2Fwp%2Fv2%2Fcomments&post=387"}],"version-history":[{"count":60,"href":"https:\/\/elisabethvargas.com.br\/index.php?rest_route=\/wp\/v2\/pages\/387\/revisions"}],"predecessor-version":[{"id":1134,"href":"https:\/\/elisabethvargas.com.br\/index.php?rest_route=\/wp\/v2\/pages\/387\/revisions\/1134"}],"wp:attachment":[{"href":"https:\/\/elisabethvargas.com.br\/index.php?rest_route=%2Fwp%2Fv2%2Fmedia&parent=387"}],"curies":[{"name":"wp","href":"https:\/\/api.w.org\/{rel}","templated":true}]}}